a prime number?
True
Is 1769127539 prime?
True
Is 1923475289 composite?
True
Is 83261259967 composite?
False
Is 15134018917 prime?
True
Is 2318044882 a composite number?
True
Is 1509565867 composite?
False
Is 2976448522 a composite number?
True
Is 607668833 prime?
True
Is 2923832411 a composite number?
False
Is 567344683 composite?
False
Is 5262581407 a prime number?
True
Is 2395427537 composite?
True
Is 36078877501 a prime number?
True
Is 3501932041 a composite number?
False
Is 21592681577 prime?
False
Is 172638735697 composite?
True
Is 49854356987 composite?
False
Is 81284838731 a prime number?
False
Is 192210555721 a prime number?
True
Is 18207066503 a composite number?
False
Is 7004203265 a composite number?
True
Is 271281583 prime?
True
Is 47471145265 composite?
True
Is 567955067 composite?
False
Is 37561471921 a prime number?
False
Is 9320173477 a composite number?
False
Is 171896401631 a composite number?
False
Is 461452679 composite?
False
Is 182550601 prime?
True
Is 2950037509 a composite number?
False
Is 45841735189 composite?
False
Is 15893594281 prime?
False
Is 24806041 a prime number?
False
Is 4118343293 a prime number?
False
Is 1916184247 composite?
True
Is 1926960667 a prime number?
False
Is 746450629 a composite number?
False
Is 9338622343 prime?
True
Is 6375187003 a prime number?
False
Is 16131789919 a prime number?
False
Is 2691158611 prime?
False
Is 12663073 prime?
True
Is 9075944183 prime?
False
Is 2926058507 composite?
False
Is 78060261161 a composite number?
False
Is 159800539 a prime number?
True
Is 52264607429 a prime number?
False
Is 6127591477 prime?
False
Is 31992715277 a prime number?
True
Is 107871252443 a composite number?
False
Is 130307897 composite?
False
Is 1005062153 composite?
False
Is 38554969849 a prime number?
False
Is 7229778497 composite?
False
Is 403308253 prime?
True
Is 642068593 a composite number?
False
Is 6054124091 composite?
True
Is 40991129269 a prime number?
True
Is 2883508451 composite?
True
Is 36471781 composite?
False
Is 277284463 prime?
True
Is 4566188449 prime?
False
Is 10406165041 composite?
False
Is 24861322337 composite?
False
Is 3393522491 a composite number?
False
Is 2156205617 composite?
False
Is 319331291 a prime number?
True
Is 28262409719 a prime number?
True
Is 90032535427 prime?
False
Is 445141091 prime?
False
Is 890670679 prime?
True
Is 26225807957 a prime number?
True
Is 34971814441 a composite number?
False
Is 1747764919 a prime number?
True
Is 16188869863 a prime number?
True
Is 58623082579 composite?
False
Is 25359941 a prime number?
False
Is 8633249 a prime number?
False
Is 199933897 composite?
False
Is 892687361 a prime number?
True
Is 66930883 prime?
False
Is 101836323737 composite?
False
Is 94934390893 composite?
True
Is 60553659805 a prime number?
False
Is 815966909 composite?
False
Is 74548517 a prime number?
False
Is 206323393 a composite number?
True
Is 384393197 a composite number?
True
Is 272148666691 a prime number?
False
Is 5778925813 composite?
True
Is 9437739817 prime?
False
Is 2138707037 a prime number?
False
Is 64605380699 a prime number?
False
Is 1196580079 prime?
True
Is 4366165106 a prime number?
False
Is 17647131338 prime?
False
Is 89695011551 prime?
False
Is 14196501673 a composite number?
False
Is 171498679 prime?
False
Is 490456723 a prime number?
False
Is 51722357 composite?
False
Is 95396077 composite?
True
Is 38156317373 a composite number?
False
Is 12789128707 a prime number?
True
Is 2472341483 prime?
True
Is 6047389067 prime?
True
Is 37942764961 a composite number?
False
Is 216124898197 prime?
False
Is 8714547373 a prime number?
False
Is 59199047 prime?
True
Is 223014461 prime?
True
Is 8881110233 a prime number?
False
Is 47324423123 prime?
True
Is 2323409189 a prime number?
False
Is 3736920593 prime?
False
Is 196055752861 composite?
False
Is 177167443 composite?
True
Is 2837766065 a composite number?
True
Is 823977781 prime?
False
Is 4073740213 prime?
False
Is 309731339 a composite number?
True
Is 1742659067 composite?
True
Is 290152823 a prime number?
True
Is 146596555663 a prime number?
True
Is 10715867879 composite?
False
Is 21126317 composite?
False
Is 4013361577 a prime number?
True
Is 8151377713 a prime number?
True
Is 13132611239 a composite number?
True
Is 2721704938 composite?
True
Is 1180788593 a composite number?
True
Is 6325672417 composite?
False
Is 885735511 a prime number?
False
Is 303475661 a prime number?
True
Is 56918962483 a prime number?
True
Is 12852309913 a prime number?
True
Is 28434632119 a composite number?
True
Is 3831766193 a prime number?
False
Is 19763736595 a composite number?
True
Is 254628541 prime?
False
Is 441949429 composite?
False
Is 730973873 composite?
True
Is 166678333 composite?
False
Is 1748788571 prime?
True
Is 3034114309 a prime number?
False
Is 389732269 composite?
False
Is 23072128543 a prime number?
True
Is 58661710685 a prime number?
False
Is 4799916929 a composite number?
False
Is 1778915927 a composite number?
False
Is 46405145351 a prime number?
True
Is 1422999209 a prime number?
True
Is 1076972983 composite?
False
Is 7350590591 prime?
False
Is 910571569 a composite number?
True
Is 2713445167 composite?
False
Is 179530414549 a composite number?
False
Is 1205977313 a composite number?
True
Is 1805371961 a composite number?
False
Is 275587139 prime?
False
Is 12019994713 prime?
True
Is 60285293 prime?
False
Is 196543591 a prime number?
True
Is 19969477799 a prime number?
False
Is 346169093 a prime number?
False
Is 285490763 prime?
False
Is 332743451 a prime number?
True
Is 32543735437 composite?
True
Is 5599491409 composite?
True
Is 20879362459 composite?
False
Is 2304544553 a composite number?
True
Is 6925067459 prime?
True
Is 782374501 a composite number?
False
Is 185985221 a composite number?
False
Is 5379336955 composite?
True
Is 9536028787 prime?
False
Is 253384477 prime?
False
Is 25212081413 a composite number?
False
Is 8801418581 prime?
True
Is 5678648347 a prime number?
False
Is 1535969189 prime?
False
Is 7540182821 prime?
True
Is 1003468321 composite?
False
Is 5811756949 composite?
False
Is 6008282983 a prime number?
True
Is 45254018779 a prime number?
True
Is 111911947571 composite?
True
Is 470695219 composite?
False
Is 1165798289 composite?
True
Is 11942632687 a prime number?
False
Is 770025199 a prime number?
False
Is 49354637 a composite number?
False
Is 680248367 composite?
True
Is 23956864171 a composite number?
False
Is 176310706729 a prime number?
True
Is 233259137 a prime number?
False
Is 45689820511 prime?
False
Is 1797203311 composite?
True
Is 1926803143 a prime number?
False
Is 78589943437 a composite number?
True
Is 50420968543 a composite number?
True
Is 19783576711 a composite number?
False
Is 8852361169 composite?
False
Is 22743123563 composite?
False
Is 3236098321 a composite number?
True
Is 1211443 composite?
False
Is 96986673751 a prime number?
False
Is 57871934287 a composite number?
False
Is 9207865297 a composite number?
False
Is 43253753297 a composite number?
True
Is 538815455 a prime number?
False
Is 2352722477 a composite number?
True
Is 4628946661 composite?
False
Is 23007593491 composite?
True
Is 2123458189 a prime number?
True
Is 648017039 composite?
True
Is 916664561 composite?
False
Is 141769337 a prime number?
True
Is 47716125823 prime?
True
Is 239229709 a prime number?
False
Is 152733928081 a composite number?
True
Is 670485497 prime?
False
Is 203389609 a composite number?
False
Is 28337548513 a prime number?
True
Is 50709826841 prime?
False
Is 647204702 prime?
False
Is 957046867 a composite number?
True
Is 703479461 a prime number?
True
Is 2509468303 prime?
True
Is 838114903 prime?
True
Is 17540277389 a composite number?
False
Is 24228850873 a prime number?
False
Is 488887097 a composite number?
False
Is 1775824255 composite?
True
Is 447554311 composite?
False
Is 33835251031 a composite number?
True
Is 461074123 a prime number?
False
Is 231214057 composite?
True
Is 123171199057 prime?
False
Is 11324595301 prime?
True
Is 350168449 a composite number?
False
Is 7230784553 prime?
False
Is 130388267 a composite number?
False
Is 6459666371 a prime number?
False
Is 42973009769 a prime number?
False
Is 3381518411 prime?
True
Is 196547282291 a composite number?
